{"id":76,"date":"2015-03-26T16:16:45","date_gmt":"2015-03-26T16:16:45","guid":{"rendered":"https:\/\/filcat.uab.cat\/assaigrepublica\/?page_id=76"},"modified":"2015-03-26T16:16:45","modified_gmt":"2015-03-26T16:16:45","slug":"inici","status":"publish","type":"page","link":"https:\/\/filcat.uab.cat\/assaigrepublica\/","title":{"rendered":"Inici"},"content":{"rendered":"<p>[et_pb_section admin_label=&#8221;section&#8221; fullwidth=&#8221;on&#8221; specialty=&#8221;off&#8221; background_image=&#8221;https:\/\/filcat.uab.cat\/assaigrepublica\/wp-content\/uploads\/2015\/03\/inici.png&#8221; transparent_background=&#8221;off&#8221; background_color=&#8221;#ffffff&#8221; allow_player_pause=&#8221;off&#8221; inner_shadow=&#8221;off&#8221; parallax=&#8221;off&#8221; parallax_method=&#8221;on&#8221; padding_mobile=&#8221;off&#8221; make_fullwidth=&#8221;off&#8221; use_custom_width=&#8221;off&#8221; width_unit=&#8221;on&#8221; make_equal=&#8221;off&#8221; use_custom_gutter=&#8221;off&#8221;][et_pb_fullwidth_header admin_label=&#8221;Fullwidth Header&#8221; title=&#8221;Assaig Rep\u00fablica&#8221; subhead=&#8221;Antologia de textos de l&#8217;\u00e8poca de la Rep\u00fablica&#8221; background_layout=&#8221;dark&#8221; text_orientation=&#8221;left&#8221; header_fullscreen=&#8221;off&#8221; header_scroll_down=&#8221;off&#8221; parallax=&#8221;off&#8221; parallax_method=&#8221;off&#8221; content_orientation=&#8221;center&#8221; image_orientation=&#8221;center&#8221; custom_button_one=&#8221;off&#8221; button_one_letter_spacing=&#8221;0&#8243; button_one_use_icon=&#8221;default&#8221; button_one_icon_placement=&#8221;right&#8221; button_one_on_hover=&#8221;on&#8221; button_one_letter_spacing_hover=&#8221;0&#8243; custom_button_two=&#8221;off&#8221; button_two_letter_spacing=&#8221;0&#8243; button_two_use_icon=&#8221;default&#8221; button_two_icon_placement=&#8221;right&#8221; button_two_on_hover=&#8221;on&#8221; button_two_letter_spacing_hover=&#8221;0&#8243; subhead_font_size=&#8221;22px&#8221;] <br \/> [\/et_pb_fullwidth_header][\/et_pb_section][et_pb_section admin_label=&#8221;section&#8221; fullwidth=&#8221;off&#8221; specialty=&#8221;off&#8221; transparent_background=&#8221;off&#8221; background_color=&#8221;#ffffff&#8221; allow_player_pause=&#8221;off&#8221; inner_shadow=&#8221;off&#8221; parallax=&#8221;off&#8221; parallax_method=&#8221;off&#8221; padding_mobile=&#8221;off&#8221; make_fullwidth=&#8221;off&#8221; use_custom_width=&#8221;off&#8221; width_unit=&#8221;on&#8221; make_equal=&#8221;off&#8221; use_custom_gutter=&#8221;off&#8221;][et_pb_row admin_label=&#8221;row&#8221; make_fullwidth=&#8221;off&#8221; use_custom_width=&#8221;off&#8221; width_unit=&#8221;on&#8221; use_custom_gutter=&#8221;on&#8221; gutter_width=&#8221;2&#8243; padding_mobile=&#8221;off&#8221; allow_player_pause=&#8221;off&#8221; parallax=&#8221;off&#8221; parallax_method=&#8221;off&#8221; make_equal=&#8221;off&#8221; parallax_1=&#8221;off&#8221; parallax_method_1=&#8221;off&#8221; parallax_2=&#8221;off&#8221; parallax_method_2=&#8221;off&#8221; column_padding_mobile=&#8221;on&#8221;][et_pb_column type=&#8221;1_2&#8243;][et_pb_image admin_label=&#8221;Image&#8221; src=&#8221;https:\/\/filcat.uab.cat\/assaigrepublica\/wp-content\/uploads\/2015\/03\/riba.png&#8221; show_in_lightbox=&#8221;off&#8221; url_new_window=&#8221;off&#8221; animation=&#8221;left&#8221; sticky=&#8221;off&#8221; use_overlay=&#8221;off&#8221; align=&#8221;right&#8221; force_fullwidth=&#8221;off&#8221; always_center_on_mobile=&#8221;on&#8221; use_border_color=&#8221;off&#8221; border_color=&#8221;#ffffff&#8221; border_style=&#8221;solid&#8221;] <br \/> [\/et_pb_image][\/et_pb_column][et_pb_column type=&#8221;1_2&#8243;][et_pb_text admin_label=&#8221;Text&#8221; background_layout=&#8221;light&#8221; text_orientation=&#8221;left&#8221; use_border_color=&#8221;off&#8221; border_color=&#8221;#ffffff&#8221; border_style=&#8221;solid&#8221;]<\/p>\n<h2><b>L&#8217;assaig politicocultural a Catalunya (1931-1936)<\/b><\/h2>\n<p>&nbsp;<\/p>\n<p>&nbsp;<\/p>\n<h4 style=\"text-align: justify;\">Sota el t\u00edtol <em>L\u2019Assaig politicocultural a Catalunya (1931-1936)<\/em> es reuneixen en aquest espai web escrits assag\u00edstics produ\u00efts per escriptors i periodistes catalans durant la Segona Rep\u00fablica espanyola (exclosos els anys de la guerra del 1936-1939) a l\u2019entorn dels diversos aspectes de la cultura catalana, espanyola i europea que en aquell per\u00edode apareixien com a objecte preferent de reflexi\u00f3.<\/h4>\n<p>[\/et_pb_text][et_pb_cta admin_label=&#8221;Call To Action&#8221; button_url=&#8221;https:\/\/filcat.uab.cat\/assaigrepublica\/presentacio\/&#8221; button_text=&#8221;Seguir llegint&#8221; use_background_color=&#8221;off&#8221; background_color=&#8221;#422b49&#8243; background_layout=&#8221;light&#8221; text_orientation=&#8221;left&#8221;] <br \/> [\/et_pb_cta][\/et_pb_column][\/et_pb_row][\/et_pb_section]<\/p>\n","protected":false},"excerpt":{"rendered":"<p>L&#8217;assaig politicocultural a Catalunya (1931-1936)&nbsp;&nbsp;Sota el t\u00edtol L\u2019Assaig politicocultural a Catalunya (1931-1936) es reuneixen en aquest espai web escrits assag\u00edstics produ\u00efts per escriptors i periodistes catalans durant la Segona Rep\u00fablica espanyola (exclosos els anys de la guerra del 1936-1939) a l\u2019entorn dels diversos aspectes de la cultura catalana, espanyola i europea que en aquell per\u00edode [&hellip;]<\/p>\n","protected":false},"author":2,"featured_media":0,"parent":0,"menu_order":0,"comment_status":"closed","ping_status":"open","template":"","meta":{"_et_pb_use_builder":"on","_et_pb_old_content":"","_et_gb_content_width":"","footnotes":""},"class_list":["post-76","page","type-page","status-publish","hentry"],"_links":{"self":[{"href":"https:\/\/filcat.uab.cat\/assaigrepublica\/wp-json\/wp\/v2\/pages\/76","targetHints":{"allow":["GET"]}}],"collection":[{"href":"https:\/\/filcat.uab.cat\/assaigrepublica\/wp-json\/wp\/v2\/pages"}],"about":[{"href":"https:\/\/filcat.uab.cat\/assaigrepublica\/wp-json\/wp\/v2\/types\/page"}],"author":[{"embeddable":true,"href":"https:\/\/filcat.uab.cat\/assaigrepublica\/wp-json\/wp\/v2\/users\/2"}],"replies":[{"embeddable":true,"href":"https:\/\/filcat.uab.cat\/assaigrepublica\/wp-json\/wp\/v2\/comments?post=76"}],"version-history":[{"count":0,"href":"https:\/\/filcat.uab.cat\/assaigrepublica\/wp-json\/wp\/v2\/pages\/76\/revisions"}],"wp:attachment":[{"href":"https:\/\/filcat.uab.cat\/assaigrepublica\/wp-json\/wp\/v2\/media?parent=76"}],"curies":[{"name":"wp","href":"https:\/\/api.w.org\/{rel}","templated":true}]}}

<p>[et_pb_section admin_label=&#8221;section&#8221; fullwidth=&#8221;on&#8221; specialty=&#8221;off&#8221; background_image=&#8221;https://filcat.uab.cat/assaigrepublica/wp-content/uploads/2015/03/inici.png&#8221; transparent_background=&#8221;off&#8221; background_color=&#8221;#ffffff&#8221; allow_player_pause=&#8221;off&#8221; inner_shadow=&#8221;off&#8221; parallax=&#8221;off&#8221; parallax_method=&#8221;on&#8221; padding_mobile=&#8221;off&#8221; make_fullwidth=&#8221;off&#8221; use_custom_width=&#8221;off&#8221; width_unit=&#8221;on&#8221; make_equal=&#8221;off&#8221; use_custom_gutter=&#8221;off&#8221;][et_pb_fullwidth_header admin_label=&#8221;Fullwidth Header&#8221; title=&#8221;Assaig República&#8221; subhead=&#8221;Antologia de textos de l&#8217;època de la República&#8221; background_layout=&#8221;dark&#8221; text_orientation=&#8221;left&#8221; header_fullscreen=&#8221;off&#8221; header_scroll_down=&#8221;off&#8221; parallax=&#8221;off&#8221; parallax_method=&#8221;off&#8221; content_orientation=&#8221;center&#8221; image_orientation=&#8221;center&#8221; custom_button_one=&#8221;off&#8221; button_one_letter_spacing=&#8221;0&#8243; button_one_use_icon=&#8221;default&#8221; button_one_icon_placement=&#8221;right&#8221; button_one_on_hover=&#8221;on&#8221; button_one_letter_spacing_hover=&#8221;0&#8243; custom_button_two=&#8221;off&#8221; button_two_letter_spacing=&#8221;0&#8243; button_two_use_icon=&#8221;default&#8221; button_two_icon_placement=&#8221;right&#8221; button_two_on_hover=&#8221;on&#8221; button_two_letter_spacing_hover=&#8221;0&#8243; subhead_font_size=&#8221;22px&#8221;] <br /> [/et_pb_fullwidth_header][/et_pb_section][et_pb_section admin_label=&#8221;section&#8221; fullwidth=&#8221;off&#8221; specialty=&#8221;off&#8221; transparent_background=&#8221;off&#8221; background_color=&#8221;#ffffff&#8221; allow_player_pause=&#8221;off&#8221; inner_shadow=&#8221;off&#8221; parallax=&#8221;off&#8221; parallax_method=&#8221;off&#8221; padding_mobile=&#8221;off&#8221; make_fullwidth=&#8221;off&#8221; use_custom_width=&#8221;off&#8221; width_unit=&#8221;on&#8221; make_equal=&#8221;off&#8221; use_custom_gutter=&#8221;off&#8221;][et_pb_row admin_label=&#8221;row&#8221; make_fullwidth=&#8221;off&#8221; use_custom_width=&#8221;off&#8221; width_unit=&#8221;on&#8221; use_custom_gutter=&#8221;on&#8221; gutter_width=&#8221;2&#8243; padding_mobile=&#8221;off&#8221; allow_player_pause=&#8221;off&#8221; parallax=&#8221;off&#8221; parallax_method=&#8221;off&#8221; make_equal=&#8221;off&#8221; parallax_1=&#8221;off&#8221; parallax_method_1=&#8221;off&#8221; parallax_2=&#8221;off&#8221; parallax_method_2=&#8221;off&#8221; column_padding_mobile=&#8221;on&#8221;][et_pb_column type=&#8221;1_2&#8243;][et_pb_image admin_label=&#8221;Image&#8221; src=&#8221;https://filcat.uab.cat/assaigrepublica/wp-content/uploads/2015/03/riba.png&#8221; show_in_lightbox=&#8221;off&#8221; url_new_window=&#8221;off&#8221; animation=&#8221;left&#8221; sticky=&#8221;off&#8221; use_overlay=&#8221;off&#8221; align=&#8221;right&#8221; force_fullwidth=&#8221;off&#8221; always_center_on_mobile=&#8221;on&#8221; use_border_color=&#8221;off&#8221; border_color=&#8221;#ffffff&#8221; border_style=&#8221;solid&#8221;] <br /> [/et_pb_image][/et_pb_column][et_pb_column type=&#8221;1_2&#8243;][et_pb_text admin_label=&#8221;Text&#8221; background_layout=&#8221;light&#8221; text_orientation=&#8221;left&#8221; use_border_color=&#8221;off&#8221; border_color=&#8221;#ffffff&#8221; border_style=&#8221;solid&#8221;]</p>
<h2><b>L&#8217;assaig politicocultural a Catalunya (1931-1936)</b></h2>
<p>&nbsp;</p>
<p>&nbsp;</p>
<h4 style="text-align: justify;">Sota el títol <em>L’Assaig politicocultural a Catalunya (1931-1936)</em> es reuneixen en aquest espai web escrits assagístics produïts per escriptors i periodistes catalans durant la Segona República espanyola (exclosos els anys de la guerra del 1936-1939) a l’entorn dels diversos aspectes de la cultura catalana, espanyola i europea que en aquell període apareixien com a objecte preferent de reflexió.</h4>
<p>[/et_pb_text][et_pb_cta admin_label=&#8221;Call To Action&#8221; button_url=&#8221;https://filcat.uab.cat/assaigrepublica/presentacio/&#8221; button_text=&#8221;Seguir llegint&#8221; use_background_color=&#8221;off&#8221; background_color=&#8221;#422b49&#8243; background_layout=&#8221;light&#8221; text_orientation=&#8221;left&#8221;] <br /> [/et_pb_cta][/et_pb_column][/et_pb_row][/et_pb_section]</p>

<p>L&#8217;assaig politicocultural a Catalunya (1931-1936)&nbsp;&nbsp;Sota el títol L’Assaig politicocultural a Catalunya (1931-1936) es reuneixen en aquest espai web escrits assagístics produïts per escriptors i periodistes catalans durant la Segona República espanyola (exclosos els anys de la guerra del 1936-1939) a l’entorn dels diversos aspectes de la cultura catalana, espanyola i europea que en aquell període [&hellip;]</p>
