{"id":350,"date":"2015-04-14T08:18:51","date_gmt":"2015-04-14T08:18:51","guid":{"rendered":"https:\/\/filcat.uab.cat\/assaigrepublica\/?page_id=350"},"modified":"2015-04-14T08:18:51","modified_gmt":"2015-04-14T08:18:51","slug":"presentacio","status":"publish","type":"page","link":"https:\/\/filcat.uab.cat\/assaigrepublica\/presentacio\/","title":{"rendered":"Presentaci\u00f3"},"content":{"rendered":"<p>[et_pb_section admin_label=&#8221;section&#8221; fullwidth=&#8221;on&#8221; specialty=&#8221;off&#8221; background_image=&#8221;https:\/\/filcat.uab.cat\/assaigrepublica\/wp-content\/uploads\/2015\/04\/fons.png&#8221; transparent_background=&#8221;off&#8221; background_color=&#8221;#ffffff&#8221; allow_player_pause=&#8221;off&#8221; inner_shadow=&#8221;off&#8221; parallax=&#8221;off&#8221; parallax_method=&#8221;on&#8221; padding_mobile=&#8221;off&#8221; make_fullwidth=&#8221;off&#8221; use_custom_width=&#8221;off&#8221; width_unit=&#8221;on&#8221; make_equal=&#8221;off&#8221; use_custom_gutter=&#8221;off&#8221;][et_pb_fullwidth_header admin_label=&#8221;Fullwidth Header&#8221; title=&#8221;Presentaci\u00f3 del projecte&#8221; background_layout=&#8221;dark&#8221; text_orientation=&#8221;center&#8221; header_fullscreen=&#8221;off&#8221; header_scroll_down=&#8221;off&#8221; parallax=&#8221;off&#8221; parallax_method=&#8221;off&#8221; content_orientation=&#8221;center&#8221; image_orientation=&#8221;center&#8221; custom_button_one=&#8221;off&#8221; button_one_letter_spacing=&#8221;0&#8243; button_one_use_icon=&#8221;default&#8221; button_one_icon_placement=&#8221;right&#8221; button_one_on_hover=&#8221;on&#8221; button_one_letter_spacing_hover=&#8221;0&#8243; custom_button_two=&#8221;off&#8221; button_two_letter_spacing=&#8221;0&#8243; button_two_use_icon=&#8221;default&#8221; button_two_icon_placement=&#8221;right&#8221; button_two_on_hover=&#8221;on&#8221; button_two_letter_spacing_hover=&#8221;0&#8243; subhead_font_size=&#8221;22px&#8221;] [\/et_pb_fullwidth_header][\/et_pb_section][et_pb_section admin_label=&#8221;section&#8221; fullwidth=&#8221;off&#8221; specialty=&#8221;off&#8221; disabled_on=&#8221;on|on|on&#8221; disabled=&#8221;on&#8221;][et_pb_row admin_label=&#8221;row&#8221;][et_pb_column type=&#8221;4_4&#8243;][et_pb_slider admin_label=&#8221;Slider&#8221; show_arrows=&#8221;on&#8221; show_pagination=&#8221;on&#8221; auto=&#8221;off&#8221; parallax=&#8221;off&#8221; parallax_method=&#8221;off&#8221;] [et_pb_slide background_image=&#8221;https:\/\/filcat.uab.cat\/assaigrepublica\/wp-content\/uploads\/2015\/04\/presentacio.png&#8221; background_color=&#8221;#e0c285&#8243; alignment=&#8221;bottom&#8221; background_layout=&#8221;dark&#8221; allow_player_pause=&#8221;off&#8221;]<\/p>\n<h2 style=\"text-align: left;\"><span style=\"color: #422b49;\">Presentaci\u00f3 <br \/>del projecte<\/span><\/h2>\n<p>[\/et_pb_slide] [\/et_pb_slider][\/et_pb_column][\/et_pb_row][\/et_pb_section][et_pb_section admin_label=&#8221;section&#8221; background_color=&#8221;#ffffff&#8221; inner_shadow=&#8221;off&#8221; parallax=&#8221;off&#8221;][et_pb_row admin_label=&#8221;row&#8221;][et_pb_column type=&#8221;1_2&#8243;][et_pb_text admin_label=&#8221;Text&#8221; background_layout=&#8221;light&#8221; text_orientation=&#8221;left&#8221; use_border_color=&#8221;off&#8221; border_color=&#8221;#ffffff&#8221; border_style=&#8221;solid&#8221; text_font_size=&#8221;16&#8243;]<\/p>\n<p style=\"text-align: justify;\">Sota el t\u00edtol <strong><em>L\u2019Assaig pol\u00edticocultural a Catalunya (1931-1936)<\/em><\/strong> es reuneixen en aquest espai web escrits assag\u00edstics produ\u00efts per escriptors i periodistes catalans durant la Segona Rep\u00fablica espanyola (exclosos els anys de la guerra del 1936-1939) a l\u2019entorn dels diversos aspectes de la cultura catalana, espanyola i europea que en aquell per\u00edode apareixien com a objecte preferent de reflexi\u00f3.<\/p>\n<p style=\"text-align: justify;\">La reuni\u00f3 d\u2019aquests escrits \u00e9s fruit de l\u2019activitat de diversos membres del <a href=\"http:\/\/filcat.uab.cat\/gelcc\" target=\"_blank\" rel=\"noopener\">Grup d&#8217;Estudis de Literatura Catalana Contempor\u00e0nia<\/a>, dins el projecte de recerca FFI2011-250551, finan\u00e7at pel <a href=\"http:\/\/www.idi.mineco.gob.es\" target=\"_blank\" rel=\"noopener\">Ministerio de Ciencia e Innovaci\u00f3n<\/a>, i vol ser un dip\u00f2sit que resti obert i alimentat per aquests o altres investigadors interessats en el per\u00edode republic\u00e0.<\/p>\n<p style=\"text-align: justify;\">Es tracta de donar acc\u00e9s a un material aparegut en investigacions parcials i concretes, no de cartografiar l\u2019activitat o el pensament cultural segons un pla preestablert.<\/p>\n<p style=\"text-align: justify;\">La definici\u00f3 d\u2019assaig cultural de qu\u00e8 s&#8217;ha partit \u00e9s molt oberta i respon al criteri d\u2019ajut, emmarcament o complementarietat de l\u2019estudi de la literatura d\u2019aquells anys (un quadre de refer\u00e8ncies molt ampli d&#8217;aquesta mena d&#8217;assaig, d&#8217;autoria femenina, es pot trobar a l&#8217;espai vitual <a href=\"http:\/\/filcat.uab.cat\/gelcc\/escriptores\/\" target=\"_blank\" rel=\"noopener\"><em>Escriptores republicanes. G\u00e8nere i modernitat a la Catalunya Republicana<\/em><\/a>, activat pel GELCC).<\/p>\n<p style=\"text-align: justify;\">No s&#8217;ha donat prefer\u00e8ncia a la cr\u00edtica liter\u00e0ria directa (per a la qual es pot acudir a l&#8217;antologia <em><a href=\"http:\/\/www.pageseditors.cat\/cat\/llibre_milenio2.asp?id=94&amp;id_llibre=1785\" target=\"_blank\" rel=\"noopener\">Les idees liter\u00e0ries al per\u00edode d&#8217;entreguerres<\/a><\/em>, a cura de Jordi Mal\u00e9) i, dels textos assag\u00edstics s&#8217;han prioritzat els no accessibles en l\u00ednia o no reeditats recentment en volum.\u00a0<\/p>\n<p style=\"text-align: justify;\">La n\u00f2mina d&#8217;autors, doncs, si no completa, \u00e9s extensa i representativa de diverses posicions ideol\u00f2giques dels grups intel\u00b7lectuals de Catalunya de l&#8217;\u00e8poca republicana.<\/p>\n<p>[\/et_pb_text][\/et_pb_column][et_pb_column type=&#8221;1_2&#8243;][et_pb_image admin_label=&#8221;Image&#8221; src=&#8221;https:\/\/filcat.uab.cat\/assaigrepublica\/wp-content\/uploads\/2015\/03\/original.png&#8221; show_in_lightbox=&#8221;off&#8221; url_new_window=&#8221;off&#8221; animation=&#8221;left&#8221; sticky=&#8221;off&#8221;] [\/et_pb_image][\/et_pb_column][\/et_pb_row][\/et_pb_section][et_pb_section admin_label=&#8221;section&#8221; fullwidth=&#8221;off&#8221; specialty=&#8221;off&#8221; transparent_background=&#8221;off&#8221; background_color=&#8221;#e0c285&#8243; allow_player_pause=&#8221;off&#8221; inner_shadow=&#8221;off&#8221; parallax=&#8221;off&#8221; parallax_method=&#8221;off&#8221;][et_pb_row admin_label=&#8221;row&#8221;][et_pb_column type=&#8221;1_4&#8243;][et_pb_blurb admin_label=&#8221;Blurb&#8221; title=&#8221;Presentaci\u00f3&#8221; url_new_window=&#8221;off&#8221; animation=&#8221;top&#8221; background_layout=&#8221;light&#8221; text_orientation=&#8221;center&#8221; use_icon=&#8221;on&#8221; icon_color=&#8221;#422b49&#8243; use_circle=&#8221;off&#8221; circle_color=&#8221;#e0c285&#8243; use_circle_border=&#8221;off&#8221; circle_border_color=&#8221;#108bf5&#8243; icon_placement=&#8221;top&#8221; url=&#8221;https:\/\/filcat.uab.cat\/assaigrepublica\/presentacio\/&#8221; font_icon=&#8221;\ue056&#8221;] Qu\u00e8 \u00e9s i qu\u00e8 es proposa el projecte [\/et_pb_blurb][\/et_pb_column][et_pb_column type=&#8221;1_4&#8243;][et_pb_blurb admin_label=&#8221;Blurb&#8221; title=&#8221;Llistat d&#8217;autors&#8221; url_new_window=&#8221;off&#8221; image=&#8221;http:\/\/elegantthemesimages.com\/images\/premade\/builder-blurbs-export.jpg&#8221; animation=&#8221;top&#8221; background_layout=&#8221;light&#8221; text_orientation=&#8221;center&#8221; use_icon=&#8221;on&#8221; icon_color=&#8221;#422b49&#8243; use_circle=&#8221;off&#8221; circle_color=&#8221;#e0c285&#8243; use_circle_border=&#8221;off&#8221; circle_border_color=&#8221;#108bf5&#8243; icon_placement=&#8221;top&#8221; url=&#8221;https:\/\/filcat.uab.cat\/assaigrepublica\/autors\/&#8221; font_icon=&#8221;\ue08b&#8221;] Llistat d&#8217;articles ordenats per autor [\/et_pb_blurb][\/et_pb_column][et_pb_column type=&#8221;1_4&#8243;][et_pb_blurb admin_label=&#8221;Blurb&#8221; title=&#8221;Llistat de t\u00edtols&#8221; url_new_window=&#8221;off&#8221; image=&#8221;http:\/\/elegantthemesimages.com\/images\/premade\/builder-blurbs-layouts.jpg&#8221; animation=&#8221;top&#8221; background_layout=&#8221;light&#8221; text_orientation=&#8221;center&#8221; use_icon=&#8221;on&#8221; icon_color=&#8221;#422b49&#8243; use_circle=&#8221;off&#8221; circle_color=&#8221;#e0c285&#8243; use_circle_border=&#8221;off&#8221; circle_border_color=&#8221;#108bf5&#8243; icon_placement=&#8221;top&#8221; url=&#8221;https:\/\/filcat.uab.cat\/assaigrepublica\/titols\/&#8221; font_icon=&#8221;\ue0db&#8221;] Llistat d&#8217;articles ordenats alfab\u00e8ticament per t\u00edtol [\/et_pb_blurb][\/et_pb_column][et_pb_column type=&#8221;1_4&#8243;][et_pb_blurb admin_label=&#8221;Blurb&#8221; title=&#8221;Llistat de publicacions i editorial&#8221; url_new_window=&#8221;off&#8221; image=&#8221;http:\/\/elegantthemesimages.com\/images\/premade\/builder-blurbs-commerce.jpg&#8221; animation=&#8221;top&#8221; background_layout=&#8221;light&#8221; text_orientation=&#8221;center&#8221; use_icon=&#8221;on&#8221; icon_color=&#8221;#422b49&#8243; use_circle=&#8221;off&#8221; circle_color=&#8221;#e0c285&#8243; use_circle_border=&#8221;off&#8221; circle_border_color=&#8221;#108bf5&#8243; icon_placement=&#8221;top&#8221; url=&#8221;https:\/\/filcat.uab.cat\/assaigrepublica\/publicacions-i-editorials\/&#8221; font_icon=&#8221;\ue086&#8221;] Llistat d&#8217;articles ordenats per la publicaci\u00f3 o editorial on han aparegut [\/et_pb_blurb][\/et_pb_column][\/et_pb_row][\/et_pb_section]<\/p>\n","protected":false},"excerpt":{"rendered":"<p>Presentaci\u00f3 del projecte Sota el t\u00edtol L\u2019Assaig pol\u00edticocultural a Catalunya (1931-1936) es reuneixen en aquest espai web escrits assag\u00edstics produ\u00efts per escriptors i periodistes catalans durant la Segona Rep\u00fablica espanyola (exclosos els anys de la guerra del 1936-1939) a l\u2019entorn dels diversos aspectes de la cultura catalana, espanyola i europea que en aquell per\u00edode apareixien [&hellip;]<\/p>\n","protected":false},"author":2,"featured_media":0,"parent":0,"menu_order":0,"comment_status":"closed","ping_status":"open","template":"","meta":{"_et_pb_use_builder":"on","_et_pb_old_content":"","_et_gb_content_width":"","footnotes":""},"class_list":["post-350","page","type-page","status-publish","hentry"],"_links":{"self":[{"href":"https:\/\/filcat.uab.cat\/assaigrepublica\/wp-json\/wp\/v2\/pages\/350","targetHints":{"allow":["GET"]}}],"collection":[{"href":"https:\/\/filcat.uab.cat\/assaigrepublica\/wp-json\/wp\/v2\/pages"}],"about":[{"href":"https:\/\/filcat.uab.cat\/assaigrepublica\/wp-json\/wp\/v2\/types\/page"}],"author":[{"embeddable":true,"href":"https:\/\/filcat.uab.cat\/assaigrepublica\/wp-json\/wp\/v2\/users\/2"}],"replies":[{"embeddable":true,"href":"https:\/\/filcat.uab.cat\/assaigrepublica\/wp-json\/wp\/v2\/comments?post=350"}],"version-history":[{"count":0,"href":"https:\/\/filcat.uab.cat\/assaigrepublica\/wp-json\/wp\/v2\/pages\/350\/revisions"}],"wp:attachment":[{"href":"https:\/\/filcat.uab.cat\/assaigrepublica\/wp-json\/wp\/v2\/media?parent=350"}],"curies":[{"name":"wp","href":"https:\/\/api.w.org\/{rel}","templated":true}]}}

Presentació

<p>[et_pb_section admin_label=&#8221;section&#8221; fullwidth=&#8221;on&#8221; specialty=&#8221;off&#8221; background_image=&#8221;https://filcat.uab.cat/assaigrepublica/wp-content/uploads/2015/04/fons.png&#8221; transparent_background=&#8221;off&#8221; background_color=&#8221;#ffffff&#8221; allow_player_pause=&#8221;off&#8221; inner_shadow=&#8221;off&#8221; parallax=&#8221;off&#8221; parallax_method=&#8221;on&#8221; padding_mobile=&#8221;off&#8221; make_fullwidth=&#8221;off&#8221; use_custom_width=&#8221;off&#8221; width_unit=&#8221;on&#8221; make_equal=&#8221;off&#8221; use_custom_gutter=&#8221;off&#8221;][et_pb_fullwidth_header admin_label=&#8221;Fullwidth Header&#8221; title=&#8221;Presentació del projecte&#8221; background_layout=&#8221;dark&#8221; text_orientation=&#8221;center&#8221; header_fullscreen=&#8221;off&#8221; header_scroll_down=&#8221;off&#8221; parallax=&#8221;off&#8221; parallax_method=&#8221;off&#8221; content_orientation=&#8221;center&#8221; image_orientation=&#8221;center&#8221; custom_button_one=&#8221;off&#8221; button_one_letter_spacing=&#8221;0&#8243; button_one_use_icon=&#8221;default&#8221; button_one_icon_placement=&#8221;right&#8221; button_one_on_hover=&#8221;on&#8221; button_one_letter_spacing_hover=&#8221;0&#8243; custom_button_two=&#8221;off&#8221; button_two_letter_spacing=&#8221;0&#8243; button_two_use_icon=&#8221;default&#8221; button_two_icon_placement=&#8221;right&#8221; button_two_on_hover=&#8221;on&#8221; button_two_letter_spacing_hover=&#8221;0&#8243; subhead_font_size=&#8221;22px&#8221;] [/et_pb_fullwidth_header][/et_pb_section][et_pb_section admin_label=&#8221;section&#8221; fullwidth=&#8221;off&#8221; specialty=&#8221;off&#8221; disabled_on=&#8221;on|on|on&#8221; disabled=&#8221;on&#8221;][et_pb_row admin_label=&#8221;row&#8221;][et_pb_column type=&#8221;4_4&#8243;][et_pb_slider admin_label=&#8221;Slider&#8221; show_arrows=&#8221;on&#8221; show_pagination=&#8221;on&#8221; auto=&#8221;off&#8221; parallax=&#8221;off&#8221; parallax_method=&#8221;off&#8221;] [et_pb_slide background_image=&#8221;https://filcat.uab.cat/assaigrepublica/wp-content/uploads/2015/04/presentacio.png&#8221; background_color=&#8221;#e0c285&#8243; alignment=&#8221;bottom&#8221; background_layout=&#8221;dark&#8221; allow_player_pause=&#8221;off&#8221;]</p>
<h2 style="text-align: left;"><span style="color: #422b49;">Presentació <br />del projecte</span></h2>
<p>[/et_pb_slide] [/et_pb_slider][/et_pb_column][/et_pb_row][/et_pb_section][et_pb_section admin_label=&#8221;section&#8221; background_color=&#8221;#ffffff&#8221; inner_shadow=&#8221;off&#8221; parallax=&#8221;off&#8221;][et_pb_row admin_label=&#8221;row&#8221;][et_pb_column type=&#8221;1_2&#8243;][et_pb_text admin_label=&#8221;Text&#8221; background_layout=&#8221;light&#8221; text_orientation=&#8221;left&#8221; use_border_color=&#8221;off&#8221; border_color=&#8221;#ffffff&#8221; border_style=&#8221;solid&#8221; text_font_size=&#8221;16&#8243;]</p>
<p style="text-align: justify;">Sota el títol <strong><em>L’Assaig políticocultural a Catalunya (1931-1936)</em></strong> es reuneixen en aquest espai web escrits assagístics produïts per escriptors i periodistes catalans durant la Segona República espanyola (exclosos els anys de la guerra del 1936-1939) a l’entorn dels diversos aspectes de la cultura catalana, espanyola i europea que en aquell període apareixien com a objecte preferent de reflexió.</p>
<p style="text-align: justify;">La reunió d’aquests escrits és fruit de l’activitat de diversos membres del <a href="http://filcat.uab.cat/gelcc" target="_blank" rel="noopener">Grup d&#8217;Estudis de Literatura Catalana Contemporània</a>, dins el projecte de recerca FFI2011-250551, finançat pel <a href="http://www.idi.mineco.gob.es" target="_blank" rel="noopener">Ministerio de Ciencia e Innovación</a>, i vol ser un dipòsit que resti obert i alimentat per aquests o altres investigadors interessats en el període republicà.</p>
<p style="text-align: justify;">Es tracta de donar accés a un material aparegut en investigacions parcials i concretes, no de cartografiar l’activitat o el pensament cultural segons un pla preestablert.</p>
<p style="text-align: justify;">La definició d’assaig cultural de què s&#8217;ha partit és molt oberta i respon al criteri d’ajut, emmarcament o complementarietat de l’estudi de la literatura d’aquells anys (un quadre de referències molt ampli d&#8217;aquesta mena d&#8217;assaig, d&#8217;autoria femenina, es pot trobar a l&#8217;espai vitual <a href="http://filcat.uab.cat/gelcc/escriptores/" target="_blank" rel="noopener"><em>Escriptores republicanes. Gènere i modernitat a la Catalunya Republicana</em></a>, activat pel GELCC).</p>
<p style="text-align: justify;">No s&#8217;ha donat preferència a la crítica literària directa (per a la qual es pot acudir a l&#8217;antologia <em><a href="http://www.pageseditors.cat/cat/llibre_milenio2.asp?id=94&amp;id_llibre=1785" target="_blank" rel="noopener">Les idees literàries al període d&#8217;entreguerres</a></em>, a cura de Jordi Malé) i, dels textos assagístics s&#8217;han prioritzat els no accessibles en línia o no reeditats recentment en volum. </p>
<p style="text-align: justify;">La nòmina d&#8217;autors, doncs, si no completa, és extensa i representativa de diverses posicions ideològiques dels grups intel·lectuals de Catalunya de l&#8217;època republicana.</p>
<p>[/et_pb_text][/et_pb_column][et_pb_column type=&#8221;1_2&#8243;][et_pb_image admin_label=&#8221;Image&#8221; src=&#8221;https://filcat.uab.cat/assaigrepublica/wp-content/uploads/2015/03/original.png&#8221; show_in_lightbox=&#8221;off&#8221; url_new_window=&#8221;off&#8221; animation=&#8221;left&#8221; sticky=&#8221;off&#8221;] [/et_pb_image][/et_pb_column][/et_pb_row][/et_pb_section][et_pb_section admin_label=&#8221;section&#8221; fullwidth=&#8221;off&#8221; specialty=&#8221;off&#8221; transparent_background=&#8221;off&#8221; background_color=&#8221;#e0c285&#8243; allow_player_pause=&#8221;off&#8221; inner_shadow=&#8221;off&#8221; parallax=&#8221;off&#8221; parallax_method=&#8221;off&#8221;][et_pb_row admin_label=&#8221;row&#8221;][et_pb_column type=&#8221;1_4&#8243;][et_pb_blurb admin_label=&#8221;Blurb&#8221; title=&#8221;Presentació&#8221; url_new_window=&#8221;off&#8221; animation=&#8221;top&#8221; background_layout=&#8221;light&#8221; text_orientation=&#8221;center&#8221; use_icon=&#8221;on&#8221; icon_color=&#8221;#422b49&#8243; use_circle=&#8221;off&#8221; circle_color=&#8221;#e0c285&#8243; use_circle_border=&#8221;off&#8221; circle_border_color=&#8221;#108bf5&#8243; icon_placement=&#8221;top&#8221; url=&#8221;https://filcat.uab.cat/assaigrepublica/presentacio/&#8221; font_icon=&#8221;&#8221;] Què és i què es proposa el projecte [/et_pb_blurb][/et_pb_column][et_pb_column type=&#8221;1_4&#8243;][et_pb_blurb admin_label=&#8221;Blurb&#8221; title=&#8221;Llistat d&#8217;autors&#8221; url_new_window=&#8221;off&#8221; image=&#8221;http://elegantthemesimages.com/images/premade/builder-blurbs-export.jpg&#8221; animation=&#8221;top&#8221; background_layout=&#8221;light&#8221; text_orientation=&#8221;center&#8221; use_icon=&#8221;on&#8221; icon_color=&#8221;#422b49&#8243; use_circle=&#8221;off&#8221; circle_color=&#8221;#e0c285&#8243; use_circle_border=&#8221;off&#8221; circle_border_color=&#8221;#108bf5&#8243; icon_placement=&#8221;top&#8221; url=&#8221;https://filcat.uab.cat/assaigrepublica/autors/&#8221; font_icon=&#8221;&#8221;] Llistat d&#8217;articles ordenats per autor [/et_pb_blurb][/et_pb_column][et_pb_column type=&#8221;1_4&#8243;][et_pb_blurb admin_label=&#8221;Blurb&#8221; title=&#8221;Llistat de títols&#8221; url_new_window=&#8221;off&#8221; image=&#8221;http://elegantthemesimages.com/images/premade/builder-blurbs-layouts.jpg&#8221; animation=&#8221;top&#8221; background_layout=&#8221;light&#8221; text_orientation=&#8221;center&#8221; use_icon=&#8221;on&#8221; icon_color=&#8221;#422b49&#8243; use_circle=&#8221;off&#8221; circle_color=&#8221;#e0c285&#8243; use_circle_border=&#8221;off&#8221; circle_border_color=&#8221;#108bf5&#8243; icon_placement=&#8221;top&#8221; url=&#8221;https://filcat.uab.cat/assaigrepublica/titols/&#8221; font_icon=&#8221;&#8221;] Llistat d&#8217;articles ordenats alfabèticament per títol [/et_pb_blurb][/et_pb_column][et_pb_column type=&#8221;1_4&#8243;][et_pb_blurb admin_label=&#8221;Blurb&#8221; title=&#8221;Llistat de publicacions i editorial&#8221; url_new_window=&#8221;off&#8221; image=&#8221;http://elegantthemesimages.com/images/premade/builder-blurbs-commerce.jpg&#8221; animation=&#8221;top&#8221; background_layout=&#8221;light&#8221; text_orientation=&#8221;center&#8221; use_icon=&#8221;on&#8221; icon_color=&#8221;#422b49&#8243; use_circle=&#8221;off&#8221; circle_color=&#8221;#e0c285&#8243; use_circle_border=&#8221;off&#8221; circle_border_color=&#8221;#108bf5&#8243; icon_placement=&#8221;top&#8221; url=&#8221;https://filcat.uab.cat/assaigrepublica/publicacions-i-editorials/&#8221; font_icon=&#8221;&#8221;] Llistat d&#8217;articles ordenats per la publicació o editorial on han aparegut [/et_pb_blurb][/et_pb_column][/et_pb_row][/et_pb_section]</p>

<p>Presentació del projecte Sota el títol L’Assaig políticocultural a Catalunya (1931-1936) es reuneixen en aquest espai web escrits assagístics produïts per escriptors i periodistes catalans durant la Segona República espanyola (exclosos els anys de la guerra del 1936-1939) a l’entorn dels diversos aspectes de la cultura catalana, espanyola i europea que en aquell període apareixien [&hellip;]</p>
