{"id":22,"date":"2018-02-08T13:34:50","date_gmt":"2018-02-08T11:34:50","guid":{"rendered":"https:\/\/filcat.uab.cat\/Gavarro\/?page_id=22"},"modified":"2025-12-29T00:19:49","modified_gmt":"2025-12-28T22:19:49","slug":"welcome","status":"publish","type":"page","link":"https:\/\/filcat.uab.cat\/Gavarro\/","title":{"rendered":"Welcome"},"content":{"rendered":"<figure id=\"attachment_33\" aria-describedby=\"caption-attachment-33\" style=\"width: 463px\" class=\"wp-caption alignright\"><img loading=\"lazy\" decoding=\"async\" class=\"wp-image-33\" src=\"https:\/\/filcat.uab.cat\/Gavarro\/wp-content\/uploads\/2018\/02\/cropped-gavarro-anna-3-1024x614.png\" alt=\"\" width=\"463\" height=\"278\" srcset=\"https:\/\/filcat.uab.cat\/Gavarro\/wp-content\/uploads\/2018\/02\/cropped-gavarro-anna-3-1024x614.png 1024w, https:\/\/filcat.uab.cat\/Gavarro\/wp-content\/uploads\/2018\/02\/cropped-gavarro-anna-3-300x180.png 300w, https:\/\/filcat.uab.cat\/Gavarro\/wp-content\/uploads\/2018\/02\/cropped-gavarro-anna-3-768x461.png 768w, https:\/\/filcat.uab.cat\/Gavarro\/wp-content\/uploads\/2018\/02\/cropped-gavarro-anna-3.png 2000w\" sizes=\"auto, (max-width: 463px) 100vw, 463px\" \/><figcaption id=\"caption-attachment-33\" class=\"wp-caption-text\">Ceret, 2013<\/figcaption><\/figure>\n<p class=\"paragraph_style\">Catedr\u00e0tica de Ling\u00fc\u00edstica\/Full Professor in Linguistics<\/p>\n<p>1.03.2024\u2013 Directora del\u00a0 Departament de Filologia Catalana, Centre de Ling\u00fc\u00edstica Te\u00f2rica, Edifici B<br \/>\nUniversitat Aut\u00f2noma de Barcelona<br \/>\n08193 Bellaterra<\/p>\n<p>despatx\/office B11-211 (tel\u00e8fon\/phone 935811791); B9\u20130032 (tel\u00e8fon\/phone 935868076); anna.gavarro at uab.cat<\/p>\n<p>1.09.2023\u2013 Editora en cap\/ Editor-in-chief del <a href=\"https:\/\/revistes.uab.cat\/catJL\">Catalan Journal of Linguistics<\/a><\/p>\n<p>ORCID identifier 0000-0003-2373-7243, <a href=\"https:\/\/www.researchgate.net\/profile\/Anna-Gavarro\">ResearchGate<\/a><\/p>\n<p><a href=\"https:\/\/clt.uab.cat\/apl\/\">Acquisition and Pathology Lab<\/a><\/p>\n<p class=\"paragraph_style\">La meva recerca tracta de la sintaxi de l\u2019adquisici\u00f3 i l\u2019agramatisme. Els estudiants interessats a fer recerca amb mi poden escriure&#8217;m a la meva adre\u00e7a electr\u00f2nica.\/ My research is about the syntax of acquisition and agrammatism. Students interested in joining our research team can contact me through my email address.<\/p>\n<p class=\"paragraph_style\"><strong>Projectes vigents\/ Current projects:<\/strong><br \/>\nProjecte <a href=\"https:\/\/webs.uab.cat\/dapss\/\">Development and acquisition of preverbal syntax and semantics (DAPSS)<\/a>, PID2022-138413NB-100, Ministerio de Ciencia e Innovaci\u00f3n,, IP: Anna Gavarr\u00f3 &amp; Elena Pagliarini. 01.09.2023\u201331.08.2027.<\/p>\n<p class=\"paragraph_style\">Membre del\/Member of Grup de Ling\u00fc\u00edstica Te\u00f2rica (2021SGR00787), PI M. T. Espinal, 01.01.2022\u201331.12.2024<\/p>\n<p class=\"paragraph_style\">Membre de\/ Member of\u00a0 <a href=\"https:\/\/www.aphasiatrials.org\/\">CATs<\/a> (Collaboration of Aphasia Trialists, The Tavistock Trust for Aphasia, The Robin Tavistock Award 2023) \u201307.2026\u00a0 Membre adjunt de <a href=\"https:\/\/www.nwo.nl\/en\/research-and-results\/research-projects\/i\/50\/27050.html\">LACA<\/a> (Language Abilities in Children with Autism, NWO), PI J. Schaeffer<\/p>\n<p>Marie Sk\u0142odowska-Curie Actions COFUND \u201cTowards the next generation of excellent young doctoral researchers on mental health by developing an intersectoral &amp; transdisciplinary approach\u201d(TOUCH), for the support of doctoral programmes, convocat\u00f2ria\/call 2022.<\/p>\n<p class=\"paragraph_style\"><img loading=\"lazy\" decoding=\"async\" class=\"aligncenter wp-image-60\" src=\"https:\/\/filcat.uab.cat\/Gavarro\/wp-content\/uploads\/2018\/02\/descarregues_8_x2.jpg\" alt=\"\" width=\"307\" height=\"142\" srcset=\"https:\/\/filcat.uab.cat\/Gavarro\/wp-content\/uploads\/2018\/02\/descarregues_8_x2.jpg 1225w, https:\/\/filcat.uab.cat\/Gavarro\/wp-content\/uploads\/2018\/02\/descarregues_8_x2-300x139.jpg 300w, https:\/\/filcat.uab.cat\/Gavarro\/wp-content\/uploads\/2018\/02\/descarregues_8_x2-768x355.jpg 768w, https:\/\/filcat.uab.cat\/Gavarro\/wp-content\/uploads\/2018\/02\/descarregues_8_x2-1024x474.jpg 1024w\" sizes=\"auto, (max-width: 307px) 100vw, 307px\" \/>P\u00e0gina web actualitzada\/Updated 12\/2025<\/p>\n","protected":false},"excerpt":{"rendered":"<p>Catedr\u00e0tica de Ling\u00fc\u00edstica\/Full Professor in Linguistics 1.03.2024\u2013 Directora del\u00a0 Departament de Filologia Catalana, Centre de Ling\u00fc\u00edstica Te\u00f2rica, Edifici B Universitat Aut\u00f2noma de Barcelona 08193 Bellaterra despatx\/office B11-211 (tel\u00e8fon\/phone 935811791); B9\u20130032 (tel\u00e8fon\/phone 935868076); anna.gavarro at uab.cat 1.09.2023\u2013 Editora en cap\/ Editor-in-chief del Catalan Journal of Linguistics ORCID identifier 0000-0003-2373-7243, ResearchGate Acquisition and Pathology Lab La meva &hellip; <\/p>\n<p class=\"link-more\"><a href=\"https:\/\/filcat.uab.cat\/Gavarro\/\" class=\"more-link\">Continua llegint <span class=\"screen-reader-text\">\u00abWelcome\u00bb<\/span><\/a><\/p>\n","protected":false},"author":1,"featured_media":0,"parent":0,"menu_order":0,"comment_status":"closed","ping_status":"closed","template":"","meta":{"footnotes":""},"class_list":["post-22","page","type-page","status-publish","hentry"],"_links":{"self":[{"href":"https:\/\/filcat.uab.cat\/Gavarro\/wp-json\/wp\/v2\/pages\/22","targetHints":{"allow":["GET"]}}],"collection":[{"href":"https:\/\/filcat.uab.cat\/Gavarro\/wp-json\/wp\/v2\/pages"}],"about":[{"href":"https:\/\/filcat.uab.cat\/Gavarro\/wp-json\/wp\/v2\/types\/page"}],"author":[{"embeddable":true,"href":"https:\/\/filcat.uab.cat\/Gavarro\/wp-json\/wp\/v2\/users\/1"}],"replies":[{"embeddable":true,"href":"https:\/\/filcat.uab.cat\/Gavarro\/wp-json\/wp\/v2\/comments?post=22"}],"version-history":[{"count":37,"href":"https:\/\/filcat.uab.cat\/Gavarro\/wp-json\/wp\/v2\/pages\/22\/revisions"}],"predecessor-version":[{"id":703,"href":"https:\/\/filcat.uab.cat\/Gavarro\/wp-json\/wp\/v2\/pages\/22\/revisions\/703"}],"wp:attachment":[{"href":"https:\/\/filcat.uab.cat\/Gavarro\/wp-json\/wp\/v2\/media?parent=22"}],"curies":[{"name":"wp","href":"https:\/\/api.w.org\/{rel}","templated":true}]}}